?
-6
14 - (6 - (12 - 1) - -16 - 6)
9
Evaluate 1 - (-20 - (7 - 34)).
-6
What is the value of -3 - (-8 - -22) - (-4 + -14)?
1
Calculate (-8 - -1) + 1 + -4 - -1 - 5.
-14
Evaluate 42 - 34 - (21 + -4 + 5 + 1).
-15
Calculate 5 - (9 + 5 + 10).
-19
Calculate 20 - 23 - (8 - 1 - (3 + -1)).
-8
What is (110 - 106) + (-1 - (4 - -2)) + -4?
-7
Evaluate -12 + (-5 - (1 - 1) - (1 - 2)).
-16
Evaluate -2 - (-2 + (-5 - -8) - 13).
10
(-22 - (-10 - -2) - -13) + -5
-6
Calculate -37 + (37 - (15 - -5)).
-20
What is the value of (1 - (2 - -16)) + 393 + -393 - 2?
-19
Evaluate (25 - 47) + 27 - -7.
12
Evaluate -3 + (-4 - -7) - (5 + (2 - 2)).
-5
-17 + 16 + 12 + -21
-10
What is 22 + (19 - (0 - -15) - 16)?
10
(-120 + 120 - (-9 + 0)) + 1
10
What is (-10 - -11) + 15 + -6?
10
1 - (-3 - -6) - (-91 - -86)
3
What is 0 - (1 + (-1 - (-1 + -3)) + -6)?
2
What is the value of -25 + (15 + -33 - -20)?
-23
(-3 - -20) + (11 - 16)
12
Calculate 13 + (1 - (1 + -6 - -6)).
13
Evaluate 17 + -132 + 129 + (-2 - (6 + -3)).
9
Calculate -14 + 32 - 17 - 0.
1
What is (-6 - (5 - 12)) + -11 + 13 + -26?
-23
(-22 + 20 - (3 + -1)) + 0 + -9
-13
Evaluate -14 - -1 - (-112 + 107).
-8
Evaluate -11 - (-18 - 8) - (-64 + 45).
34
Calculate (14 - (9 - 4)) + 0 + (-1 - -2).
10
Calculate 0 + -18 + (1323 - 1327).
-22
Evaluate (-4 - (0 - -2)) + (-28 - (-4 - 35)).
5
Calculate 22 - 49 - 3 - -18.
-12
Evaluate (-39 - -37) + (3 - 1).
0
-3 + 11 + -15 + 12 - 2
3
Evaluate -1 - -4 - 3 - 7 - (-10 - -15).
-12
Evaluate -16 + (0 + 14 + -16 - 12).
-30
(-146 - -161) + -14 + 0 + (-3 - -1)
-1
Evaluate -5 + (1 - -2) - 12.
-14
10 + (-7 - (-8 - (-9 + 1)))
3
Evaluate -5 + 30 + (3 - 17) - -5.
16
What is 69 - 61 - -25 - (-1 + 8)?
26
What is the value of 6 + (-5 - 7) - -12 - 16?
-10
Calculate (-2 - -9 - 0) + -115 + 100.
-8
Evaluate -3 + -8 + -39 + 64.
14
Evaluate (40 - (-38 - -46)) + -52.
-20
Calculate -8 + 1 + 32 + -25 - 6.
-6
What is -13 + (12 - (10 + 5)) + (1 - 1)?
-16
28 + 25 + -52 + -25
-24
Evaluate 1 + (7 - 10 - (7 - 5)) - 4.
-8
Calculate 0 - (-10 + (-5 - (0 + -5 + 8))).
18
What is 15 + (-24 - (-57 - -29))?
19
(1 - -40) + (1267 - 1300)
8
Evaluate 11 + (-23 - (-23 + 14)) - (8 + 0).
-11
What is -17 + (-5 - (-18 + -2 + 13 + -2))?
-13
Evaluate 0 + -8 - ((13 - 18) + -2).
-1
What is the value of -22 + 23 + (4 + 2 - -1)?
8
Calculate -105 + 89 + (6 - 0).
-10
What is -4 + -2 + 6 + 33 + 1 + 1?
35
What is the value of (10 - 3 - (14 + -12) - 4) + -6?
-5
What is the value of (4 - (-6 - 1) - (8 - 1)) + -24?
-20
What is 4 + (5 - (-50 - -45 - (-1 + -5)))?
8
What is the value of (-11 - 15) + -5 + (15 - 5) + -1?
-22
Evaluate -1 + (-3 - -6 - (16 + -3 + -13)).
2
Evaluate (1 - -11) + 89 + -112.
-11
What is the value of -590 - -601 - (23 - -1)?
-13
What is -3 + (62 - 41) - 54?
-36
11 - (22 - 5) - -14
8
Evaluate 7 - (0 + 0 - (23 + -18) - -15).
-3
Evaluate -73 + 85 - (1 + 0) - 15.
-4
What is the value of -22 - (-3 + (2 - (-5 - -5 - 5)))?
-26
(-27 - -21) + (0 - 0) + 11 + -4
1
Calculate 58 + (-12 - (36 - 3)).
13
11 + 5 + (46 - 80)
-18
What is -7 + (8 - 5 - (0 + -7 + 9))?
-6
What is the value of -21 + 28 + -6 + -11 + -2?
-12
(2 - 5 - -7) + -11 + 7
0
Calculate -33 + (3 + (5 - -12) + -7 - 6).
-26
Evaluate 13 - (-4 + ((14 - -1) + -6 - 7)).
15
Evaluate (-2 - -13) + -7 - (4 - (0 + -9)).
-9
Evaluate -6 - ((-4 + 14 - 7) + -3).
-6
Calculate (-12 - -5) + (5 - -1 - (-17 + -2)).
18
What is the value of -21 - -25 - (10 + (-1 - -4))?
-9
-4 - -11 - -25 - (3 + -3 + 7)
25
Evaluate -2 + (20 + -6 - -3) - 8.
7
What is 15 + -35 + 17 + (-1 - 3)?
-7
Evaluate 15 + (35 - (1 + 25)).
24
What is (-9 + 5 - 12) + 13 - -14?
11
What is the value of (-4 - -5 - 11) + (19 - 4)?
5
8 + (-12 - -1) + -3
-6
-6 + 2 - (8 + 12 - 37)
13
(-13 - 12 - -39) + -24 + -2
-12
Evaluate 5 + (-21 - -11 - (0 - 14)).
9
Calculate (-118 - -117) + (-1 + 0 - -2).
0
What is 6 + (-2 - (12 + -5) - -5) + -9?
-7
What is the value of -8 + 21 + -26 + -1?
-14
What is the value of 1 + -2 - (-8 - -15) - (-9 + 6)?
-5
What is (-12 - 2) + ((0 - -4) + 4 - 9)?
-15
What is (-33 - -29) + -39 - -32?
-11
Evaluate -3 + 6 - (-2 + 0 + -6).
11
What is the value of -5 - (-4 - -11) - ((-3 - -4) + 3)?
-16
(13 + -9 - 10) + (2 - 3 - 21)
-28
(20 + -12 - -9) + -6
11
What is the value of (-6 - (-23 + 16)) + -14?
-13
Calculate 213 + -234 - (0 + -5).
-16
What is the value of 20 - (-14 + 3 + 20)?
11
-19 - -16 - (-4 - (5 + 24))
30
Evaluate 39 + -41 + 16 + (-4 - (1 + -2)).
11
Calculate (-5 - 11) + 1 + 7 + -10 + 4.
-14
Calculate -21 - (6 + -6 + -8).
-13
What is 24 + -1 - (6 - (-40 + 44))?
21
What is the value of 7 + -1 + 1 + (-73 - -72 - -21)?
27
2 - (7 + 22) - -10
-17
Evaluate (-21 + 5 - -12) + 23.
19
(1 - 2) + -8 + -8 + 50 + -26
7
What is the value of (2 - 14) + (-13 - (-6 - (-8 - -18)))?
-9
Evaluate -36 - (13 + -59 - -22).
-12
(-12 - (-8 - -6) - -4) + -7
-13
Evaluate 15 + -5 + -20 + 25.
15
Calculate 1 - (16 + 0) - (-11 - -5).
-9
What is -12 + 2 + (-32 - -39) + 10?
7
What is (8 - 16 - -14 - 13) + -5?
-12
Evaluate (11 - 2 - 5) + 3 - 17.
-10
Calculate (405 - 409) + (6 - -2) + 1.
5
(18 - 35) + 11 - -18
12
(-34 + 32 - 31) + (9 - 2)
-26
6 + (-76 - -12 - -35)
-23
What is the value of 2 + -2 - (21 + -18 + 1)?
-4
Evaluate -6 + -5 - (-8 + 2 + 6).
-11
Calculate 17 + -21 + -22 + 21.
-5
What is -23 + 29 - (0 - (-2 - -1))?
5
19 - (25 + 7 + -13)
0
What is -5 - -16 - -17 - (0 - (-1 + -8))?
19
What is 35 + -52 + 9 - 21?
-29
(-22 - -2) + (-19 - 14 - -39)
-14
Calculate 168 + -146 - (3 - -6).
13
Calculate -167 + 163 - (3 - 18).
11
-2 - (-2 - -8) - (3 - 11)
0
39 + 9 - (33 + -6)
21
What is the value of 1 + -7 + -1 - (-4 + -2 + 0)?
-1
Calculate (-1 - -11) + -15 + -12.
-17
What is the value of 8 - -5 - (16 + -11 + 1)?
7
What is -1 - (2 + -9) - (16 - 17)?
7
Calculate 13 - (-10 + 1 + (10 - 6) + 6).
12
What is the value of -17 - -19 - (19 - 4)?
-13
Evaluate -6 + -3 + 15 - 1 - 16.
-11
What is the value of 4 + 7 + -14 + (9 - 10)?
-4
What is -9 - (2 + (-8 - 9)) - 12?
-6
What is the value of 19 - (2 - (4 - (11 + (-7 - -1))))?
16
-28 + 1 + (20 - 9 - 1)
-17
Evaluate -9 + (12 - (3 + 1) - -9).
8
What is the value of 0 - -12 - -4 - (0 + 5)?
11
Calculate (-2 + 0 - -3) + (36 - 40) - 0.
-3
What is 9 - (-14 + 59 - 19)?
-17
What is -66 + 132 - 66 - (2 + -10 + -1)?
9
What is 168 - 166 - (-3 - (1 - 2))?
4
What is -7 + 4 + 21 + -24 + -12?
-18
Evaluate 37 - (16 - 35 - -37).
19
What is (-3 + 2 - (2 - 3)) + (-38 - -30)?
-8
Calculate 0 + -18 + 5 + -78 + 96.
5
Evaluate -10 + (-2 + 3 - (-3 + -3)) + 3.
0
4 + -3 - 0 - 12
-11
Calculate -5 + 3 + 12 - (-1 + 17 + 5).
-11
-3 + -1 - (5 + (-7 - 29))
27
Evaluate -4 + 230 + -248 + 0 + 15.
-7
What is the value of (-1 - (7 - 2)) + (-1 - (1 - 30))?
22
What is the value of -6 + -1 + (44 - (-38 - -59))?
16
Evaluate 0 + 4 + (16 + -8 - (-5 + -6)).
23
What is 0 + -9 + 14 + -1 - -8?
12
What is the value of 0 + 1 - (16 - -16 - 39)?
8
What is the value of -5 + -8 + (-2 + -2 - -13)?
-4
Calculate 2 - (5 + (-24 - -11)).
10
What is (21 + -2 - 27) + (6 - -1)?
-1
Evaluate 3 + (-2 + 1 - 0) + (97 - 99).
0
Evaluate (10 - (5 - (8 - 14))) + (-1 - 4).
-6
What is the value of -9 - (16 + (-32 - -4))?
3
Evaluate (-14 - (15 - 45)) + 0 + 9 + 7.
32
What is -7 - (-11 + 18 + -13)?
-1
What is -5 - (4 + 0 + -7 - 0)?
-2
What is the value of 2 + (225 + -228 - (6 + -1 - 2))?
-4
What is the value of 14 - 0 - 15 - -6?
5
What is the value of (91 - 59) + -4 + 0 + 1 + -2?
27
2 - (14 - (17 + 3))
8
Calculate (-13 - (16 + 6)) + 18.
-17
Evaluate (-8 - -5 - (19 + -16)) + 17.
11
Calculate (1 - -7) + 17 + -6 + (-11 - 0).
8
Evaluate (-5 - -2) + (28 - 13 - 8).
4
Calculate (-33 - 0) + -8 - (-3 + 1 + 1).
-40
Evaluate -4 - 6 - (9 - 27) - (4 - -1).
3
Calculate 18 + -2 + -35 + 19.
0
What is -16 + (1 + -18 - (14 - (-18 - -40)))?
-25
What is 2 + -4 - (-17 + 9 + 5)?
1
What is the value of 3 + -14 + (12 - (9 - (11 - 6)))?
-3
-15 + (6 - (5 + 1)) - -8
-7
What is the value of (3 - 1) + (-5 - -9 - 12 - -22)?
16
What is (3 - -2) + -6 - (6 - 2)?
-5
Evaluate -11 + 1 + 6 + 17 + -15.
-2
What is the value of -1 - (16 - (-9 + 12 - -3))?
-11
What is -3 + 3 + -3 + (-13 - -10) + 10?
4
What is (4 - -2) + (5 - 13) + 18?
16
7 + (9 - (-4 + 17)) + 3 + -7
-1
16 + 0 + (55 - 66)
5
Evaluate 661 + -666 + 1 + -1.
-5
What is the value of 36 - 2 - (12 + -12 + (-1 - -1))?
34
-12 + (42 - (15 - 2)) - 38
-21
Evaluate -1 + 1 + 32 + -24 + -22 + 2.
-12
Ca